git of 1972?
7
What is the units digit of 234?
4
What is the hundred thousands digit of 142424?
1
What is the hundreds digit of 1451?
4
What is the units digit of 21694?
4
What is the hundreds digit of 13066?
0
What is the thousands digit of 46250?
6
What is the ten thousands digit of 107918?
0
What is the hundreds digit of 74542?
5
What is the units digit of 31508?
8
What is the units digit of 8888?
8
What is the units digit of 3364?
4
What is the hundreds digit of 93265?
2
What is the tens digit of 59473?
7
What is the hundreds digit of 7656?
6
What is the hundred thousands digit of 127961?
1
What is the units digit of 23067?
7
What is the hundreds digit of 38924?
9
What is the tens digit of 4758?
5
What is the units digit of 131?
1
What is the ten thousands digit of 35151?
3
What is the units digit of 872?
2
What is the thousands digit of 1374?
1
What is the thousands digit of 3565?
3
What is the tens digit of 555?
5
What is the units digit of 582?
2
What is the hundreds digit of 2162?
1
What is the units digit of 4296?
6
What is the units digit of 4126?
6
What is the hundreds digit of 7547?
5
What is the thousands digit of 182271?
2
What is the tens digit of 637?
3
What is the hundreds digit of 42531?
5
What is the thousands digit of 3486?
3
What is the thousands digit of 1515?
1
What is the hundreds digit of 8602?
6
What is the tens digit of 2587?
8
What is the units digit of 1697?
7
What is the ten thousands digit of 61309?
6
What is the tens digit of 7433?
3
What is the units digit of 779?
9
What is the tens digit of 6995?
9
What is the units digit of 59030?
0
What is the tens digit of 46861?
6
What is the hundreds digit of 143?
1
What is the ten thousands digit of 77274?
7
What is the thousands digit of 1497?
1
What is the thousands digit of 8945?
8
What is the units digit of 920?
0
What is the tens digit of 59384?
8
What is the tens digit of 47601?
0
What is the thousands digit of 4131?
4
What is the hundreds digit of 367?
3
What is the tens digit of 272?
7
What is the tens digit of 26121?
2
What is the thousands digit of 5156?
5
What is the hundreds digit of 14271?
2
What is the ten thousands digit of 177958?
7
What is the units digit of 118200?
0
What is the thousands digit of 3729?
3
What is the units digit of 409?
9
What is the units digit of 76803?
3
What is the thousands digit of 4979?
4
What is the hundreds digit of 45280?
2
What is the ten thousands digit of 17625?
1
What is the units digit of 21467?
7
What is the hundreds digit of 140703?
7
What is the units digit of 798?
8
What is the units digit of 174025?
5
What is the tens digit of 39912?
1
What is the tens digit of 4811?
1
What is the hundreds digit of 4059?
0
What is the thousands digit of 2580?
2
What is the tens digit of 7583?
8
What is the hundred thousands digit of 142165?
1
What is the thousands digit of 3286?
3
What is the hundreds digit of 981?
9
What is the hundreds digit of 360?
3
What is the units digit of 3481?
1
What is the thousands digit of 8608?
8
What is the thousands digit of 9293?
9
What is the tens digit of 26?
2
What is the thousands digit of 90098?
0
What is the hundreds digit of 4797?
7
What is the tens digit of 17882?
8
What is the hundreds digit of 57082?
0
What is the tens digit of 1524?
2
What is the tens digit of 1129?
2
What is the thousands digit of 1030?
1
What is the units digit of 9121?
1
What is the tens digit of 2491?
9
What is the hundreds digit of 21726?
7
What is the hundreds digit of 2105?
1
What is the hundreds digit of 37416?
4
What is the thousands digit of 2432?
2
What is the tens digit of 334?
3
What is the ten thousands digit of 58336?
5
What is the units digit of 407?
7
What is the hundreds digit of 361?
3
What is the units digit of 57668?
8
What is the units digit of 8?
8
What is the tens digit of 59?
5
What is the thousands digit of 43471?
3
What is the units digit of 3236?
6
What is the thousands digit of 1792?
1
What is the thousands digit of 13636?
3
What is the ten thousands digit of 101611?
0
What is the hundreds digit of 6652?
6
What is the units digit of 6045?
5
What is the hundreds digit of 48047?
0
What is the units digit of 650?
0
What is the tens digit of 6561?
6
What is the tens digit of 3032?
3
What is the thousands digit of 3620?
3
What is the tens digit of 2825?
2
What is the units digit of 7492?
2
What is the hundred thousands digit of 101719?
1
What is the units digit of 1420?
0
What is the tens digit of 141?
4
What is the units digit of 1647?
7
What is the hundreds digit of 84043?
0
What is the hundreds digit of 109933?
9
What is the units digit of 1746?
6
What is the thousands digit of 1061?
1
What is the units digit of 30521?
1
What is the thousands digit of 1764?
1
What is the hundreds digit of 1033?
0
What is the thousands digit of 23678?
3
What is the tens digit of 1954?
5
What is the ten thousands digit of 80364?
8
What is the units digit of 411?
1
What is the units digit of 7548?
8
What is the thousands digit of 3881?
3
What is the hundreds digit of 190834?
8
What is the ten thousands digit of 120011?
2
What is the ten thousands digit of 12293?
1
What is the ten thousands digit of 45036?
4
What is the thousands digit of 1742?
1
What is the ten thousands digit of 105645?
0
What is the tens digit of 6639?
3
What is the thousands digit of 119895?
9
What is the tens digit of 100251?
5
What is the hundreds digit of 2724?
7
What is the units digit of 1526?
6
What is the units digit of 1061?
1
What is the hundreds digit of 1485?
4
What is the hundred thousands digit of 110330?
1
What is the thousands digit of 5642?
5
What is the tens digit of 1817?
1
What is the tens digit of 1595?
9
What is the thousands digit of 1035?
1
What is the tens digit of 7416?
1
What is the tens digit of 13043?
4
What is the hundreds digit of 15491?
4
What is the tens digit of 2399?
9
What is the tens digit of 65412?
1
What is the tens digit of 82903?
0
What is the units digit of 76512?
2
What is the tens digit of 766?
6
What is the thousands digit of 40352?
0
What is the hundreds digit of 6261?
2
What is the hundreds digit of 1264?
2
What is the ten thousands digit of 49755?
4
What is the hundreds digit of 3616?
6
What is the thousands digit of 26939?
6
What is the tens digit of 2100?
0
What is the tens digit of 17694?
9
What is the hundreds digit of 47196?
1
What is the thousands digit of 11460?
1
What is the thousands digit of 3359?
3
What is the tens digit of 1881?
8
What is the units digit of 2273?
3
What is the tens digit of 157?
5
What is the hundreds digit of 66304?
3
What is the tens digit of 7267?
6
What is the hundreds digit of 4378?
3
What is the ten thousands digit of 15767?
1
What is the units digit of 72450?
0
What is the ten thousands digit of 77369?
7
What is the thousands digit of 15566?
5
What is the units digit of 1486?
6
What is the units digit of 1691?
1
What is the hundreds digit of 5505?
5
What is the tens digit of 507?
0
What is the units digit of 80903?
3
What is the thousands digit of 48632?
8
What is the thousands digit of 2640?
2
What is the hundreds digit of 27717?
7
What is the thousands digit of 16516?
6
What is the units digit of 952?
2
What is the units digit of 911?
1
What is the units digit of 26305?
5
What is the hundreds digit of 834?
8
What is the units digit of 3189?
9
What is the units digit of 889?
9
What is the hundreds digit of 1503?
5
What is the units digit of 10458?
8
What is the ten thousands digit of 34733?
3
What is the thousands digit of 7747?
7
What is the units digit of 35?
5
What is the ten thousands digit of 92874?
9
What is the hundreds digit of 1577?
5
What is the hundreds digit of 1474?
4
What is the tens digit of 14691?
9
What is the ten thousands digit of 116893?
1
What is the tens digit of 3052?
5
What is the units digit of 2669?
9
What is the units digit of 5642?
2
What is the units digit of 18?
8
What is the units digit of 2286?
6
What is the hundreds digit of 6369?
3
What is the hundreds digit of 2927?
9
What is the thousands digit of 1449?
1
What is the tens digit of 5334?
3
What is the ten thousands digit of 52687?
5
What is the hundreds digit of 9756?
7
What is the tens digit of 68770?
7
What is the tens digit of 29735?
3
What is the tens digit of 38057?
5
Wh